{"id":1387,"date":"2020-06-10T14:17:11","date_gmt":"2020-06-10T14:17:11","guid":{"rendered":"https:\/\/tds.enaiponline.com\/?page_id=6"},"modified":"2021-11-17T16:06:45","modified_gmt":"2021-11-17T15:06:45","slug":"avada-builder-home","status":"publish","type":"page","link":"https:\/\/catalogo.turismodelgusto.consorziofiq.it\/index.php\/","title":{"rendered":"Turismo del Gusto &#8211; Catalogo formativo integrato transfrontaliero"},"content":{"rendered":"<p><div class=\"fusion-fullwidth fullwidth-box fusion-builder-row-1 fusion-flex-container nonhundred-percent-fullwidth non-hundred-percent-height-scrolling\" style=\"background-color: rgba(255,255,255,0);background-position: center center;background-repeat: no-repeat;border-width: 0px 0px 0px 0px;border-color:#e2e2e2;border-style:solid;\" ><div class=\"fusion-builder-row fusion-row fusion-flex-align-items-stretch\" style=\"max-width:1424.8px;margin-left: calc(-4% \/ 2 );margin-right: calc(-4% \/ 2 );\"><div class=\"fusion-layout-column fusion_builder_column fusion-builder-column-0 fusion_builder_column_1_1 1_1 fusion-flex-column\"><div class=\"fusion-column-wrapper fusion-flex-justify-content-flex-start fusion-content-layout-column\" style=\"background-position:left top;background-repeat:no-repeat;-webkit-background-size:cover;-moz-background-size:cover;-o-background-size:cover;background-size:cover;padding: 0px 0px 0px 0px;\"><div class=\"fusion-flip-boxes flip-boxes row fusion-columns-1 flip-effect-classic\"><div class=\"fusion-flip-box-wrapper fusion-column col-lg-12 col-md-12 col-sm-12\"><div class=\"fusion-flip-box flip-right\" tabindex=\"0\"><div class=\"flip-box-inner-wrapper\"><div class=\"flip-box-front\" style=\"background-color:rgba(33,41,52,0);border-color:rgba(0,0,0,0);border-radius:6px;border-style:solid;border-width:0px;color:#000000;transition-duration:0.8s;\"><div class=\"flip-box-front-inner\"><h2 class=\"flip-box-heading without-text\" style=\"color:#000000;\">Eccellenze locali transfrontaliere, cosa sono, perch\u00e9 ci piacciono<\/h2><\/div><\/div><div class=\"flip-box-back\" style=\"background-color:rgba(101,188,123,0);border-color:rgba(0,0,0,0);border-radius:6px;border-style:solid;border-width:0px;color:rgba(255,255,255,0.8);transition-duration:0.8s;\"><div class=\"flip-box-back-inner\"><h3 class=\"flip-box-heading-back\" style=\"color:#000000;\">Les excellences locales transfrontali\u00e8res: ce qu'elles sont, pourquoi on les aime<\/h3><\/div><\/div><\/div><\/div><\/div><\/div><\/div><style type=\"text\/css\">.fusion-body .fusion-builder-column-0{width:100% !important;margin-top : 0px;margin-bottom : 0px;}.fusion-builder-column-0 > .fusion-column-wrapper {padding-top : 0px !important;padding-right : 0px !important;margin-right : 85px;padding-bottom : 0px !important;padding-left : 0px !important;margin-left : 1.92%;}@media only screen and (max-width:1024px) {.fusion-body .fusion-builder-column-0{width:55% !important;order : 0;}.fusion-builder-column-0 > .fusion-column-wrapper {margin-right : 20px;margin-left : 3.4909090909091%;}}@media only screen and (max-width:640px) {.fusion-body .fusion-builder-column-0{width:100% !important;order : 0;margin-bottom : 45px;}.fusion-builder-column-0 > .fusion-column-wrapper {margin-right : 1.92%;margin-left : 1.92%;}}<\/style><\/div><div class=\"fusion-layout-column fusion_builder_column fusion-builder-column-1 fusion_builder_column_1_1 1_1 fusion-flex-column\"><div class=\"fusion-column-wrapper fusion-flex-justify-content-flex-start fusion-content-layout-column\" style=\"background-position:left top;background-repeat:no-repeat;-webkit-background-size:cover;-moz-background-size:cover;-o-background-size:cover;background-size:cover;padding: 0px 0px 0px 15px;\"><div class=\"fusion-text fusion-text-1\" style=\"text-align:left;\"><p>Con il <u><a href=\"https:\/\/www.turismodelgusto.eu\/index.cfm\/it\/\" target=\"_blank\" rel=\"noopener\">progetto ALCOTRA \u201cTDG\u201d<\/a><\/u> \u00e8 stato possibile mappare 39 prodotti tipici del territorio montano della Provincia di Torino, sul lato italiano, e dei dipartimenti Savoia e Alta Savoia sul lato francese, mettendo in risalto la forte connessione storico-culturale e gastronomica tra queste realt\u00e0.<\/p>\n<\/div><div class=\"fusion-text fusion-text-2\" style=\"text-align:left;\"><p><em>Le <u><a href=\"https:\/\/www.turismodelgusto.eu\/index.cfm\/it\/\" target=\"_blank\" rel=\"noopener\">projet ALCOTRA \u00ab TDG \u00bb<\/a><\/u> a permis de cartographier 39 produits typiques du territoire montagnard de la Province de Turin, c\u00f4t\u00e9 italien, et des d\u00e9partements de Savoie et Haute-Savoie c\u00f4t\u00e9 fran\u00e7ais, mettant en \u00e9vidence l\u2019\u00e9troit lien historique-culturel et gastronomique entre ces r\u00e9alit\u00e9s.<\/em><\/p>\n<\/div><div ><style type=\"text\/css\">.fusion-button.button-1 .fusion-button-text, .fusion-button.button-1 i {color:#4e6d43;}.fusion-button.button-1 .fusion-button-icon-divider{border-color:#4e6d43;}.fusion-button.button-1:hover .fusion-button-text, .fusion-button.button-1:hover i,.fusion-button.button-1:focus .fusion-button-text, .fusion-button.button-1:focus i,.fusion-button.button-1:active .fusion-button-text, .fusion-button.button-1:active{color:#4e6d43;}.fusion-button.button-1:hover .fusion-button-icon-divider, .fusion-button.button-1:hover .fusion-button-icon-divider, .fusion-button.button-1:active .fusion-button-icon-divider{border-color:#4e6d43;}.fusion-button.button-1:hover, .fusion-button.button-1:focus, .fusion-button.button-1:active{border-color:#ffffff;}.fusion-button.button-1 {border-color:#ffffff;border-radius:0px;}.fusion-button.button-1{background: rgba(0,0,0,0);}.fusion-button.button-1:hover,.button-1:focus,.fusion-button.button-1:active{background: rgba(78,109,67,0);}<\/style><a class=\"fusion-button button-flat fusion-button-default-size button-custom button-1 fusion-button-default-span fusion-button-default-type\" target=\"_self\" href=\"\/eccellenze\/\" style=\"margin-top:-10px;margin-left:-40px;\"><span class=\"fusion-button-text\">Vedi i prodotti &#8211; Voir produits<\/span><i class=\"builder-arrow button-icon-right\" aria-hidden=\"true\"><\/i><\/a><\/div><\/div><style type=\"text\/css\">.fusion-body .fusion-builder-column-1{width:100% !important;margin-top : 0px;margin-bottom : 0px;}.fusion-builder-column-1 > .fusion-column-wrapper {padding-top : 0px !important;padding-right : 0px !important;margin-right : 1.92%;padding-bottom : 0px !important;padding-left : 15px !important;margin-left : 85px;}@media only screen and (max-width:1024px) {.fusion-body .fusion-builder-column-1{width:45% !important;order : 0;}.fusion-builder-column-1 > .fusion-column-wrapper {margin-right : 4.2666666666667%;margin-left : 20px;}}@media only screen and (max-width:640px) {.fusion-body .fusion-builder-column-1{width:100% !important;order : 0;}.fusion-builder-column-1 > .fusion-column-wrapper {margin-right : 1.92%;margin-left : 1.92%;}}<\/style><\/div><\/div><style type=\"text\/css\">.fusion-body .fusion-flex-container.fusion-builder-row-1{ padding-top : 55px;margin-top : 0px;padding-right : 150px;padding-bottom : 55px;margin-bottom : 0px;padding-left : 150px;}@media only screen and (max-width:1024px) {.fusion-body .fusion-flex-container.fusion-builder-row-1{ padding-right : 80px;padding-bottom : 0px;padding-left : 80px;}}<\/style><\/div><div class=\"fusion-fullwidth fullwidth-box fusion-builder-row-2 fusion-flex-container hundred-percent-fullwidth non-hundred-percent-height-scrolling\" style=\"background-color: rgba(255,255,255,0);background-position: center center;background-repeat: no-repeat;border-width: 0px 0px 0px 0px;border-color:#e2e2e2;border-style:solid;\" ><div class=\"fusion-builder-row fusion-row fusion-flex-align-items-flex-start\" style=\"width:104% !important;max-width:104% !important;margin-left: calc(-4% \/ 2 );margin-right: calc(-4% \/ 2 );\"><div class=\"fusion-layout-column fusion_builder_column fusion-builder-column-2 fusion_builder_column_1_1 1_1 fusion-flex-column\"><div class=\"fusion-column-wrapper fusion-flex-justify-content-flex-start fusion-content-layout-column\" style=\"background-position:left top;background-repeat:no-repeat;-webkit-background-size:cover;-moz-background-size:cover;-o-background-size:cover;background-size:cover;background-color:#f5f9f4;padding: 0px 0px 0px 0px;\"><div class=\"fusion-separator fusion-full-width-sep\" style=\"align-self: center;margin-left: auto;margin-right: auto;margin-top:50px;margin-bottom:50px;width:100%;\"><div class=\"fusion-separator-border sep-double\" style=\"border-color:#f5f9f4;border-top-width:1px;border-bottom-width:1px;\"><\/div><\/div><\/div><style type=\"text\/css\">.fusion-body .fusion-builder-column-2{width:100% !important;margin-top : 0px;margin-bottom : 0px;}.fusion-builder-column-2 > .fusion-column-wrapper {padding-top : 0px !important;padding-right : 0px !important;margin-right : 1.92%;padding-bottom : 0px !important;padding-left : 0px !important;margin-left : 1.92%;}@media only screen and (max-width:1024px) {.fusion-body .fusion-builder-column-2{width:100% !important;order : 0;}.fusion-builder-column-2 > .fusion-column-wrapper {margin-right : 1.92%;margin-left : 1.92%;}}@media only screen and (max-width:640px) {.fusion-body .fusion-builder-column-2{width:100% !important;order : 0;}.fusion-builder-column-2 > .fusion-column-wrapper {margin-right : 1.92%;margin-left : 1.92%;}}<\/style><\/div><\/div><style type=\"text\/css\">.fusion-body .fusion-flex-container.fusion-builder-row-2{ padding-top : 0px;margin-top : 0px;padding-right : 6%;padding-bottom : 0px;margin-bottom : -30px;padding-left : 6%;}@media only screen and (max-width:1024px) {.fusion-body .fusion-flex-container.fusion-builder-row-2{ padding-right : 40px;padding-left : 40px;}}<\/style><\/div><div class=\"fusion-fullwidth fullwidth-box fusion-builder-row-3 fusion-flex-container hundred-percent-fullwidth non-hundred-percent-height-scrolling\" style=\"background-color: rgba(255,255,255,0);background-position: center center;background-repeat: no-repeat;border-width: 0px 0px 0px 0px;border-color:#e2e2e2;border-style:solid;\" ><div class=\"fusion-builder-row fusion-row fusion-flex-align-items-flex-start\" style=\"width:calc( 100% + 0px ) !important;max-width:calc( 100% + 0px ) !important;margin-left: calc(-0px \/ 2 );margin-right: calc(-0px \/ 2 );\"><div class=\"fusion-layout-column fusion_builder_column fusion-builder-column-3 fusion_builder_column_1_1 1_1 fusion-flex-column\"><div class=\"fusion-column-wrapper fusion-flex-justify-content-flex-start fusion-content-layout-column\" style=\"background-position:left top;background-repeat:no-repeat;-webkit-background-size:cover;-moz-background-size:cover;-o-background-size:cover;background-size:cover;padding: 0px 0px 0px 0px;\"><div class=\"overlay\" onClick=\"style.pointerEvents='none'\"><\/div>\n<iframe src=\"https:\/\/www.google.com\/maps\/d\/u\/0\/embed?mid=1dRx_QUJU0poVTCsWpTDEM-xW3m1DqQTj\" height=\"600\"><\/iframe>\n<\/div><style type=\"text\/css\">.fusion-body .fusion-builder-column-3{width:100% !important;margin-top : 0px;margin-bottom : 20px;}.fusion-builder-column-3 > .fusion-column-wrapper {padding-top : 0px !important;padding-right : 0px !important;margin-right : 0;padding-bottom : 0px !important;padding-left : 0px !important;margin-left : 0;}@media only screen and (max-width:1024px) {.fusion-body .fusion-builder-column-3{width:100% !important;order : 0;}.fusion-builder-column-3 > .fusion-column-wrapper {margin-right : 0;margin-left : 0;}}@media only screen and (max-width:640px) {.fusion-body .fusion-builder-column-3{width:100% !important;order : 0;}.fusion-builder-column-3 > .fusion-column-wrapper {margin-right : 0;margin-left : 0;}}<\/style><\/div><\/div><style type=\"text\/css\">.fusion-body .fusion-flex-container.fusion-builder-row-3{ padding-top : 0px;margin-top : 0px;padding-right : 0px;padding-bottom : 0px;margin-bottom : 0px;padding-left : 0px;}<\/style><\/div>\n<div class=\"fusion-fullwidth fullwidth-box fusion-builder-row-4 fusion-flex-container nonhundred-percent-fullwidth non-hundred-percent-height-scrolling\" style=\"background-color: rgba(255,255,255,0);background-position: center center;background-repeat: no-repeat;border-width: 0px 0px 0px 0px;border-color:#e2e2e2;border-style:solid;\" ><div class=\"fusion-builder-row fusion-row fusion-flex-align-items-stretch\" style=\"max-width:1424.8px;margin-left: calc(-4% \/ 2 );margin-right: calc(-4% \/ 2 );\"><div class=\"fusion-layout-column fusion_builder_column fusion-builder-column-4 fusion_builder_column_1_5 1_5 fusion-flex-column\"><div class=\"fusion-column-wrapper fusion-flex-justify-content-flex-start fusion-content-layout-column\" style=\"background-position:left top;background-repeat:no-repeat;-webkit-background-size:cover;-moz-background-size:cover;-o-background-size:cover;background-size:cover;padding: 0px 0px 0px 0px;\"><div ><span class=\" fusion-imageframe imageframe-none imageframe-1 hover-type-none\"><img decoding=\"async\" width=\"169\" height=\"191\" title=\"logo\" src=\"data:image\/svg+xml,%3Csvg%20xmlns%3D%27http%3A%2F%2Fwww.w3.org%2F2000%2Fsvg%27%20width%3D%27169%27%20height%3D%27191%27%20viewBox%3D%270%200%20169%20191%27%3E%3Crect%20width%3D%27169%27%20height%3D%27191%27%20fill-opacity%3D%220%22%2F%3E%3C%2Fsvg%3E\" data-orig-src=\"https:\/\/catalogo.turismodelgusto.consorziofiq.it\/wp-content\/uploads\/2021\/10\/logo.png\" class=\"lazyload img-responsive wp-image-1422\"\/><\/span><\/div><\/div><style type=\"text\/css\">.fusion-body .fusion-builder-column-4{width:20% !important;margin-top : 0px;margin-bottom : 0px;}.fusion-builder-column-4 > .fusion-column-wrapper {padding-top : 0px !important;padding-right : 0px !important;margin-right : 9.6%;padding-bottom : 0px !important;padding-left : 0px !important;margin-left : 9.6%;}@media only screen and (max-width:1024px) {.fusion-body .fusion-builder-column-4{width:55% !important;order : 0;}.fusion-builder-column-4 > .fusion-column-wrapper {margin-right : 20px;margin-left : 3.4909090909091%;}}@media only screen and (max-width:640px) {.fusion-body .fusion-builder-column-4{width:100% !important;order : 0;margin-bottom : 45px;}.fusion-builder-column-4 > .fusion-column-wrapper {margin-right : 1.92%;margin-left : 1.92%;}}<\/style><\/div><div class=\"fusion-layout-column fusion_builder_column fusion-builder-column-5 fusion_builder_column_4_5 4_5 fusion-flex-column\"><div class=\"fusion-column-wrapper fusion-flex-justify-content-flex-start fusion-content-layout-column\" style=\"background-position:left top;background-repeat:no-repeat;-webkit-background-size:cover;-moz-background-size:cover;-o-background-size:cover;background-size:cover;padding: 0px 0px 0px 0px;\"><div class=\"fusion-text fusion-text-3\" style=\"text-align:left;\"><p>Con il progetto TDG \u00e8 stato possibile realizzare il presente catalogo formativo integrato transfrontaliero che contiene materiali didattici multimediali sulle tecniche di Cucina tradizionale e della montagna, sul Turismo sostenibile e indicatori di qualit\u00e0 a livello europeo, sul Marketing e multimedia dei prodotti locali e della tradizione gastronomica della montagna e la proposta di visite di orientamento\/approfondimento presso alcune imprese italiane e francesi del settore turistico alberghiero, rivolte a studenti, giovani in obbligo formativo e adulti disoccupati.<\/p>\n<p>Il presente catalogo offre la possibilit\u00e0 di combinare la fruizione dei materiali didattici multimediali con la possibilit\u00e0 di approfondimento tematico specifico tenuto da esperti aziendali, realizzati durante visite di studio in azienda.<\/p>\n<\/div><div class=\"fusion-text fusion-text-4\" style=\"text-align:left;\"><p><em>Gr\u00e2ce au projet TDG, il a \u00e9t\u00e9 possible de cr\u00e9er ce catalogue de formation int\u00e9gr\u00e9 transfrontalier qui contient du mat\u00e9riel didactique multim\u00e9dia sur les techniques de Cuisine traditionnelle et montagnarde, sur le Tourisme durable et les indicateurs de qualit\u00e9 \u00e0 niveau europ\u00e9en, sur le Marketing et Multim\u00e9dia des produits locaux et de la tradition gastronomique de montagne et la proposition de visites d\u2019\u00e9tudes au sein d\u2019entreprises italiennes et fran\u00e7aises du secteur de l&#8217;h\u00f4tellerie touristique, s\u00e9lectionn\u00e9es et destin\u00e9es aux \u00e9tudiants, aux jeunes en formation et aux adultes sans emploi.<\/em><\/p>\n<p><em>Ce catalogue offre la possibilit\u00e9 de combiner l&#8217;utilisation de supports multim\u00e9dias p\u00e9dagogique avec d&#8217;\u00e9tudes th\u00e9matiques sp\u00e9cifiques anim\u00e9es par des experts de l&#8217;entreprise, r\u00e9alis\u00e9s lors de visites d&#8217;\u00e9tudes en entreprise.<\/em><\/p>\n<\/div><\/div><style type=\"text\/css\">.fusion-body .fusion-builder-column-5{width:80% !important;margin-top : 0px;margin-bottom : 0px;}.fusion-builder-column-5 > .fusion-column-wrapper {padding-top : 0px !important;padding-right : 0px !important;margin-right : 2.4%;padding-bottom : 0px !important;padding-left : 0px !important;margin-left : 85px;}@media only screen and (max-width:1024px) {.fusion-body .fusion-builder-column-5{width:45% !important;order : 0;}.fusion-builder-column-5 > .fusion-column-wrapper {margin-right : 4.2666666666667%;margin-left : 20px;}}@media only screen and (max-width:640px) {.fusion-body .fusion-builder-column-5{width:100% !important;order : 0;}.fusion-builder-column-5 > .fusion-column-wrapper {margin-right : 1.92%;margin-left : 1.92%;}}<\/style><\/div><\/div><style type=\"text\/css\">.fusion-body .fusion-flex-container.fusion-builder-row-4{ padding-top : 55px;margin-top : 0px;padding-right : 150px;padding-bottom : 50px;margin-bottom : 0px;padding-left : 150px;}@media only screen and (max-width:1024px) {.fusion-body .fusion-flex-container.fusion-builder-row-4{ padding-right : 80px;padding-bottom : 0px;padding-left : 80px;}}<\/style><\/div><div class=\"fusion-fullwidth fullwidth-box fusion-builder-row-5 fusion-flex-container nonhundred-percent-fullwidth non-hundred-percent-height-scrolling\" style=\"background-color: #ffffff;background-position: center center;background-repeat: no-repeat;border-width: 0px 0px 0px 0px;border-color:#e2e2e2;border-style:solid;\" ><div class=\"fusion-builder-row fusion-row fusion-flex-align-items-stretch\" style=\"max-width:1424.8px;margin-left: calc(-4% \/ 2 );margin-right: calc(-4% \/ 2 );\"><div class=\"fusion-layout-column fusion_builder_column fusion-builder-column-6 fusion_builder_column_1_1 1_1 fusion-flex-column\"><div class=\"fusion-column-wrapper fusion-flex-justify-content-flex-start fusion-content-layout-column\" style=\"background-position:left top;background-repeat:no-repeat;-webkit-background-size:cover;-moz-background-size:cover;-o-background-size:cover;background-size:cover;padding: 0px 0px 0px 0px;\"><div class=\"fusion-flip-boxes flip-boxes row fusion-columns-1 flip-effect-classic\"><div class=\"fusion-flip-box-wrapper fusion-column col-lg-12 col-md-12 col-sm-12\"><div class=\"fusion-flip-box flip-right\" tabindex=\"0\"><div class=\"flip-box-inner-wrapper\"><div class=\"flip-box-front\" style=\"background-color:rgba(33,41,52,0);border-color:rgba(0,0,0,0);border-radius:6px;border-style:solid;border-width:0px;color:#000000;transition-duration:0.8s;\"><div class=\"flip-box-front-inner\"><h2 class=\"flip-box-heading without-text\" style=\"color:#000000;\">La parola a chi ha partecipato alla progettazione e realizzazione delle attivit\u00e0 formative e dei prodotti<\/h2><\/div><\/div><div class=\"flip-box-back\" style=\"background-color:rgba(101,188,123,0);border-color:rgba(0,0,0,0);border-radius:6px;border-style:solid;border-width:0px;color:rgba(255,255,255,0.8);transition-duration:0.8s;\"><div class=\"flip-box-back-inner\"><h3 class=\"flip-box-heading-back\" style=\"color:#000000;\">La parole \u00e0 ceux qui ont particip\u00e9 \u00e0 la conception et \u00e0 la mise en \u0153uvre des activit\u00e9s et des produits de formation<\/h3><\/div><\/div><\/div><\/div><\/div><\/div><\/div><style type=\"text\/css\">.fusion-body .fusion-builder-column-6{width:100% !important;margin-top : 0px;margin-bottom : 0px;}.fusion-builder-column-6 > .fusion-column-wrapper {padding-top : 0px !important;padding-right : 0px !important;margin-right : 85px;padding-bottom : 0px !important;padding-left : 0px !important;margin-left : 1.92%;}@media only screen and (max-width:1024px) {.fusion-body .fusion-builder-column-6{width:100% !important;order : 0;}.fusion-builder-column-6 > .fusion-column-wrapper {margin-right : 0px;margin-left : 20px;}}@media only screen and (max-width:640px) {.fusion-body .fusion-builder-column-6{width:100% !important;order : 0;}.fusion-builder-column-6 > .fusion-column-wrapper {margin-right : 1.92%;margin-left : 1.92%;}}<\/style><\/div><div class=\"fusion-layout-column fusion_builder_column fusion-builder-column-7 fusion_builder_column_1_2 1_2 fusion-flex-column\"><div class=\"fusion-column-wrapper fusion-flex-justify-content-flex-start fusion-content-layout-column\" style=\"background-position:left top;background-repeat:no-repeat;-webkit-background-size:cover;-moz-background-size:cover;-o-background-size:cover;background-size:cover;padding: 0px 0px 0px 0px;\"><div class=\"fusion-video fusion-youtube\" style=\"max-width:600px;max-height:360px;align-self:center; width:100%\"><div class=\"video-shortcode\"><iframe title=\"YouTube video player 1\" src=\"https:\/\/www.youtube.com\/embed\/H0XE8OeIYik?wmode=transparent&autoplay=0&amp;rel=0\" width=\"600\" height=\"360\" allowfullscreen allow=\"autoplay; fullscreen\"><\/iframe><\/div><\/div><div class=\"fusion-separator fusion-full-width-sep\" style=\"align-self: center;margin-left: auto;margin-right: auto;margin-top:60px;width:100%;\"><\/div><\/div><style type=\"text\/css\">.fusion-body .fusion-builder-column-7{width:50% !important;margin-top : 0px;margin-bottom : 20px;}.fusion-builder-column-7 > .fusion-column-wrapper {padding-top : 0px !important;padding-right : 0px !important;margin-right : 3.84%;padding-bottom : 0px !important;padding-left : 0px !important;margin-left : 3.84%;}@media only screen and (max-width:1024px) {.fusion-body .fusion-builder-column-7{width:50% !important;order : 0;}.fusion-builder-column-7 > .fusion-column-wrapper {margin-right : 3.84%;margin-left : 3.84%;}}@media only screen and (max-width:640px) {.fusion-body .fusion-builder-column-7{width:100% !important;order : 1;}.fusion-builder-column-7 > .fusion-column-wrapper {margin-right : 1.92%;margin-left : 1.92%;}}<\/style><\/div><div class=\"fusion-layout-column fusion_builder_column fusion-builder-column-8 fusion_builder_column_1_2 1_2 fusion-flex-column\"><div class=\"fusion-column-wrapper fusion-flex-justify-content-flex-start fusion-content-layout-column\" style=\"background-position:left top;background-repeat:no-repeat;-webkit-background-size:cover;-moz-background-size:cover;-o-background-size:cover;background-size:cover;background-color:#f2f2f2;padding: 0px 0px 0px 0px;\"><div style=\"text-align:center;\"><span class=\" fusion-imageframe imageframe-none imageframe-2 hover-type-none\" style=\"margin-top:40px;\"><a class=\"fusion-no-lightbox\" href=\"https:\/\/www.lhotellerie-restauration.fr\/journal\/formation-ecole\/2021-06\/quand-la-pedagogie-en-cuisine-traverse-les-alpes.htm\" target=\"_blank\" aria-label=\"pedagogie-en-cuisine\" rel=\"noopener noreferrer\"><img decoding=\"async\" width=\"300\" height=\"226\" alt=\"Quand la p\u00e9dagogie en cuisine traverse les Alpes\" src=\"https:\/\/catalogo.turismodelgusto.consorziofiq.it\/wp-content\/uploads\/2021\/10\/pedagogie-en-cuisine.jpg\" data-orig-src=\"https:\/\/catalogo.turismodelgusto.consorziofiq.it\/wp-content\/uploads\/2021\/10\/pedagogie-en-cuisine-300x226.jpg\" class=\"lazyload img-responsive wp-image-1588\" srcset=\"data:image\/svg+xml,%3Csvg%20xmlns%3D%27http%3A%2F%2Fwww.w3.org%2F2000%2Fsvg%27%20width%3D%27398%27%20height%3D%27300%27%20viewBox%3D%270%200%20398%20300%27%3E%3Crect%20width%3D%27398%27%20height%3D%27300%27%20fill-opacity%3D%220%22%2F%3E%3C%2Fsvg%3E\" data-srcset=\"https:\/\/catalogo.turismodelgusto.consorziofiq.it\/wp-content\/uploads\/2021\/10\/pedagogie-en-cuisine-200x151.jpg 200w, https:\/\/catalogo.turismodelgusto.consorziofiq.it\/wp-content\/uploads\/2021\/10\/pedagogie-en-cuisine.jpg 398w\" data-sizes=\"auto\" data-orig-sizes=\"(max-width: 640px) 100vw, 300px\" \/><\/a><\/span><\/div><div class=\"fusion-text fusion-text-5\" style=\"margin-top:20px;\"><p style=\"text-align: center;\">leggi l&#8217;articolo &#8211;<em> lire l&#8217;article<br \/>\n<\/em><a href=\"https:\/\/www.lhotellerie-restauration.fr\/journal\/formation-ecole\/2021-06\/quand-la-pedagogie-en-cuisine-traverse-les-alpes.htm\" target=\"_blank\" rel=\"noopener\">&#8220;Quand la p\u00e9dagogie en cuisine traverse les Alpes&#8221;<\/a><\/p>\n<\/div><\/div><style type=\"text\/css\">.fusion-body .fusion-builder-column-8{width:50% !important;margin-top : 0px;margin-bottom : 20px;}.fusion-builder-column-8 > .fusion-column-wrapper {padding-top : 0px !important;padding-right : 0px !important;margin-right : 3.84%;padding-bottom : 0px !important;padding-left : 0px !important;margin-left : 3.84%;}@media only screen and (max-width:1024px) {.fusion-body .fusion-builder-column-8{width:50% !important;order : 0;}.fusion-builder-column-8 > .fusion-column-wrapper {margin-right : 3.84%;margin-left : 3.84%;}}@media only screen and (max-width:640px) {.fusion-body .fusion-builder-column-8{width:100% !important;order : 2;}.fusion-builder-column-8 > .fusion-column-wrapper {margin-right : 1.92%;margin-left : 1.92%;}}<\/style><\/div><\/div><style type=\"text\/css\">.fusion-body .fusion-flex-container.fusion-builder-row-5{ padding-top : 55px;margin-top : 0px;padding-right : 0px;padding-bottom : 155px;margin-bottom : 0px;padding-left : 0px;}@media only screen and (max-width:1024px) {.fusion-body .fusion-flex-container.fusion-builder-row-5{ padding-top : 80px;padding-right : 80px;padding-bottom : 80px;padding-left : 80px;}}@media only screen and (max-width:640px) {.fusion-body .fusion-flex-container.fusion-builder-row-5{ padding-top : 55px;padding-right : 35px;padding-bottom : 55px;padding-left : 35px;}}<\/style><\/div><\/p>\n","protected":false},"excerpt":{"rendered":"","protected":false},"author":1,"featured_media":0,"parent":0,"menu_order":0,"comment_status":"closed","ping_status":"closed","template":"100-width.php","meta":{"footnotes":""},"class_list":["post-1387","page","type-page","status-publish","hentry"],"_links":{"self":[{"href":"https:\/\/catalogo.turismodelgusto.consorziofiq.it\/index.php\/wp-json\/wp\/v2\/pages\/1387","targetHints":{"allow":["GET"]}}],"collection":[{"href":"https:\/\/catalogo.turismodelgusto.consorziofiq.it\/index.php\/wp-json\/wp\/v2\/pages"}],"about":[{"href":"https:\/\/catalogo.turismodelgusto.consorziofiq.it\/index.php\/wp-json\/wp\/v2\/types\/page"}],"author":[{"embeddable":true,"href":"https:\/\/catalogo.turismodelgusto.consorziofiq.it\/index.php\/wp-json\/wp\/v2\/users\/1"}],"replies":[{"embeddable":true,"href":"https:\/\/catalogo.turismodelgusto.consorziofiq.it\/index.php\/wp-json\/wp\/v2\/comments?post=1387"}],"version-history":[{"count":86,"href":"https:\/\/catalogo.turismodelgusto.consorziofiq.it\/index.php\/wp-json\/wp\/v2\/pages\/1387\/revisions"}],"predecessor-version":[{"id":1465,"href":"https:\/\/catalogo.turismodelgusto.consorziofiq.it\/index.php\/wp-json\/wp\/v2\/pages\/1387\/revisions\/1465"}],"wp:attachment":[{"href":"https:\/\/catalogo.turismodelgusto.consorziofiq.it\/index.php\/wp-json\/wp\/v2\/media?parent=1387"}],"curies":[{"name":"wp","href":"https:\/\/api.w.org\/{rel}","templated":true}]}}